et v = -29 + 21. Let o(g) = -2*g**3 - 4*g**2 + 2*g - 1. Is o(v) a prime number?
True
Let z be 366*(12/(-9))/(-4). Let r = 39 + z. Is r composite?
True
Suppose 0 = 2*p + 52 - 246. Is p prime?
True
Suppose 0*l = -5*f - 5*l + 205, -2*f + 2*l + 62 = 0. Suppose f + 64 = 5*j. Suppose j - 6 = 2*b. Is b prime?
True
Suppose 1424 - 454 = 2*z. Suppose -z - 148 = -3*n. Is n composite?
False
Let q(k) = 3*k - 2. Let a(x) = -x**3 + 7*x**2 - 6*x + 2. Let r be a(6). Let y = r - -3. Is q(y) a composite number?
False
Let j be 1/(3/(-810)*-2). Suppose -5*p = 5*d - 0*d - j, d - 5*p - 27 = 0. Suppose d = -2*b + 113. Is b prime?
True
Let m = -11 + 6. Let h = m - -7. Suppose -3*d - 89 = -5*u, -h*u - 3*u - d = -97. Is u composite?
False
Is (-2)/(-8) - 28750/(-40) a prime number?
True
Suppose -2*b = -5*s + 4, -b = -2*s - 2*s + 2. Let x be -3*b/3 + 1. Suppose 9*d - 4*d + 25 = x*i, i - 2*d - 7 = 0. Is i composite?
True
Let f(m) = -m + 8. Let z be f(5). Suppose 4*s + t - 4*t = -615, -z*s = 5*t + 483. Let y = s - -287. Is y a prime number?
True
Let k = -649 + 1397. Suppose -2*v - 2*x + 0*x = -k, -x = -4*v + 1511. Is v prime?
False
Let n = -1111 - -1818. Is n composite?
True
Suppose 0 = 3*i - 4*i + 1, 0 = -3*n - 5*i + 11. Let z be (168 + -2)/(n - 1). Let d = z - 119. Is d a composite number?
False
Is -1 + (-2 - 49/(-1)) a prime number?
False
Suppose 2*g + l = 53 + 770, 0 = -3*g + 3*l + 1212. Is g composite?
False
Suppose 5 = p - 4*k, -5*p - 3*k - k = -49. Let r(g) = g - 6. Let l be r(p). Suppose 0 = -l*u - 2*u + 235. Is u prime?
True
Let f = 6 - 1. Suppose -4*x - 783 = -f*p, 4*p - x - 624 = x. Is p composite?
True
Is (63 - 62) + 1072/(1 + 0) a prime number?
False
Suppose h + 3*v + 13510 = 6*h, -5*v = 25. Is h composite?
False
Let b(l) = -l**2 - 5*l + 3. Let r be b(-4). Let v = 14 + r. Is v prime?
False
Suppose 0 = 3*j + 3*n, -7*j + 4 = -3*j + 2*n. Suppose -j - 3 = -s. Is (-24 - -1)*(s - 6) prime?
True
Let p be (-4)/((-753)/(-747) - 1). Let c be p/26 + (-6)/(-39). Let l = c - -98. Is l a prime number?
True
Suppose -5*a + 4*z = -0*a - 5719, -4*a = -3*z - 4576. Is a prime?
False
Let w = -36 - -53. Suppose 5*p - 8 = w. Suppose 0 = p*i - 2*i - 255. Is i a prime number?
False
Let o(h) = -1. Let s(y) = -2*y - 6. Let n(r) = -3*o(r) - s(r). Let d be n(-6). Is 1/d + 19/3 composite?
True
Suppose -3*y + 2 = -2*y. Suppose -3*c + 13 = -y*c. Suppose 3*d - 266 = -5*f, f - 45 = d + c. Is f prime?
False
Suppose -5*k + 3*k = -212. Let x(p) = -4*p - 1. Let y be x(12). Let l = k + y. Is l a composite number?
True
Suppose 0 = 2*s - s - 4. Suppose s*o - 499 = -23. Is o a prime number?
False
Let k(p) = p**2 - 2. Let f be k(-2). Suppose 0 = f*o - 3*o + 31. Suppose 44 = 3*u - o. Is u prime?
False
Let w be -3*3/(-9) + -22. Let l be 11/(-1 + w/(-18)). Suppose 3*n = c + 484, 4*n + 3*c - 601 = l. Is n a composite number?
False
Suppose r - 13 = 3. Let v(x) = 2*x**3 + 4*x**2 + 3*x - 3. Let a be v(-2). Let z = r + a. Is z a prime number?
True
Let k = -10 + 5. Let x(g) = -g**3 + g**2 - 3*g + 1. Is x(k) composite?
True
Suppose 3*w - 488 = -5*a + 285, -1243 = -5*w + 3*a. Is w a prime number?
True
Let c be 6/8 - (-4)/16. Let b(n) = -63*n + 15. Let x(s) = 32*s - 7. Let f(r) = 6*b(r) + 13*x(r). Is f(c) a prime number?
True
Is (1/(-2) + -1)/(3/(-1738)) composite?
True
Let d be 2925/(-21) + (-2)/(-7). Let x = -24 - d. Is x a prime number?
False
Let f(o) = -o**3 + 7*o**2 - o - 3. Let z be f(7). Let q = 16 + z. Suppose 3 = 3*p - q. Is p a composite number?
False
Let n(j) = j - 9. Let u be n(7). Is (-2*254 - u)/(-2) a prime number?
False
Suppose 0 = -5*y + 10 - 5. Let n(b) = 0 + b - y - 2*b**3 - 3*b. Is n(-1) a composite number?
False
Suppose 5*j + 6*l - 2*l = -15, 2*j + 18 = -4*l. Is j + -1 - (-3 + -19) a prime number?
False
Let y(w) = -15*w + 7. Is y(-6) a composite number?
False
Let y be ((-8)/6)/((-4)/582). Let z(h) = -18*h - 5. Let q be z(-4). Suppose y = k + q. Is k prime?
True
Let g(r) = r**2 - r - 8. Let w = -19 - -13. Is g(w) a prime number?
False
Suppose 3*i - 3*v + 35 = -5*v, 21 = -i + 4*v. Let h be 4/(2*(-4)/(-64)). Let l = i + h. Is l prime?
True
Let u = -291 - -424. Let y = u - 52. Let r = -58 + y. Is r prime?
True
Let z be ((-18)/15)/((-2)/15). Let g(x) = x - 7. Let d be g(z). Suppose -66 = -4*v + 3*l + 85, -2*v - d*l + 72 = 0. Is v a prime number?
True
Suppose 4099 = 11*h - 8*h - 4*s, -12 = 3*s. Is h a prime number?
True
Is (-36)/8*(-58)/3 composite?
True
Suppose 2*i = 4*i - 68. Let v = -15 + i. Suppose -94 = -3*b - v. Is b a composite number?
True
Let j be 0/(1/(3 - 2)). Suppose j = -s + 27 + 164. Is s prime?
True
Let p = -671 + 1293. Is p a composite number?
True
Let s(j) = -j**2 + 9*j + 7. Suppose 0 = -u - 8 + 4. Let v(p) = -p**2 - 6*p - 2. Let w be v(u). Is s(w) prime?
False
Let i be (2/(-5))/(1/(-10)). Let v(q) = 2*q**2 - 4*q + 3. Is v(i) prime?
True
Is 1*-263*(-3)/3 a prime number?
True
Suppose -4*q + 6*q = -12. Let k be 21*2*(-10)/q. Suppose -p = p - k. Is p prime?
False
Suppose -3*v + 1663 = -506. Is v composite?
True
Is 87 - (2 - (0 - -1)) a prime number?
False
Let o(w) = -5*w**2 - 3*w - 1. Let r be o(-3). Let i be ((-1)/(-1) + r)/1. Let l = 69 + i. Is l a prime number?
False
Let o = -165 + 297. Suppose -2*c + 70 + 2 = 0. Suppose -3*b + o = 3*r + 2*b, -b - c = -r. Is r prime?
False
Suppose 3*i + 282 = 1266. Suppose -2*w + 174 = 4*o, -2*w + 2*o = 2*w - i. Is w composite?
False
Let m = 891 - 572. Is m a prime number?
False
Suppose -5*o = -4*f - 4*o + 36, -5*f = -3*o - 38. Let v be (16/10)/(2/f). Suppose -h - 3*b + v = -6, 2*h + b - 23 = 0. Is h prime?
True
Let d be 270/(-8) + 3/(-12). Is 3 + -3*d/3 prime?
True
Suppose -3*p - 2*p = -100. Suppose 4*g = -3*r + 214, 0 = -2*g + 7*g - p. Suppose -8 = -4*m, -4*m = -3*i + i + r. Is i a prime number?
True
Suppose -s = -3*s + 30. Suppose 15 = -4*b - 0*b + 5*j, 5*j = -b + s. Suppose -3*y + b*y = -327. Is y a prime number?
True
Let p(c) = 9*c**2 - 13*c + 61. Is p(16) a prime number?
False
Let o = 242 - 433. Suppose 0*f - s + 325 = -f, 0 = -f + 2*s - 326. Let u = o - f. Is u composite?
True
Let q = -132 + 401. Is q a composite number?
False
Let d be 12*((2 - 3) + 0). Let x be (-3)/d - 7/(-4). Suppose x*f = 40 + 6. Is f prime?
True
Let o = 0 + -6. Let d = 0 - o. Let u(h) = -h**3 + 6*h**2 + 2*h + 7. Is u(d) a composite number?
False
Suppose 1710 = 4*p - 86. Is p a prime number?
True
Let y(l) = l**3 + 6*l**2 - 5*l - 5. Is y(-6) composite?
True
Let u = 3 + 1. Suppose 2*p = u + 8. Is p prime?
False
Let n(g) = -g**3 + 3*g**2 - 4*g - 1. Is n(-4) a prime number?
True
Is 3354/8 + 6/(-24) composite?
False
Let r = -17 - -52. Is r a composite number?
True
Let j be 6 + (9/3 - 2). Let g = -5 + j. Is 43*(g + 1/1) a prime number?
False
Let y be (-2)/11 - 114/(-22). Suppose 6 = -3*s + y*s. Suppose s*m - 2*m - 33 = 0. Is m composite?
True
Let h = 161 + 0. Is h a composite number?
True
Let w(m) = -65*m - 8. Is w(-5) a composite number?
False
Suppose 5*y - w = -10, 5*w = 4*y + 3*w + 2. Let s be (5/y)/(-5)*15. Suppose -d - s = 0, a - d = 6*a - 450. Is a prime?
False
Suppose 7*q - 111 = 6*q. Is q prime?
False
Is 62 - (-1)/((-1)/(-3)) composite?
True
Suppose -2*z + 7 + 11 = 0. Let v = 11 - z. Suppose -v*m + 47 + 51 = 0. Is m a composite number?
True
Suppose 0*u - 2*u + 1347 = -r, 5*u - 2*r - 3367 = 0. Is u prime?
True
Let h be ((-3)/2)/((-3)/(-8)). Let b = -4 - h. Is 1/(-1)*-55 + b a prime number?
False
Suppose 2*h + 0*h = -6, 4*h - 258 = -2*c. Suppose -r = -c + 3. Suppose -5*k + r = -143. Is k composite?
True
Let n(m) = 2*m**2 - 10*m + 9. Is n(13) prime?
False
Let o be 560 + 5/((-20)/(-16)). Let i = 1117 - o. Is i a prime number?
False
Suppose q - 189 - 716 = 0. Is q a prime number?
False
Suppose 5*v - 17 = 23. Let z(w) = 7*w**2 + 2*w + 18. Is z(v) composite?
True
Let h(c) = -c**2 - 16*c + 3. Let w be h(-16). Suppose 830 = w*t - 679. Is t composite?
False
Let k = -146 + 477. Suppose k = 2*t - 39. Is t prime?
False
Suppose 898 = 5*d + 233. Is d a prime number?
False
Let c = -182 + 308. Suppose 0 = 4*g + 9*p - 4*p - 322, 2*p + 4 = 0. Let v = c - g. Is v prime?
True
Let i be (-132)/(-10)*60/9. Let v = i + -51. Is v composite?
False
Let u(v) = -v**3 - 4*v**2 + 11*v + 7. Let k be (7*2)/(0 - 2). Is u(k) a composite number?
True
Suppose 0 = 3*v - 3*m - 753, 4*v + 5*m - 965 = 57. I